{"id":24,"date":"2021-07-11T13:31:07","date_gmt":"2021-07-11T13:31:07","guid":{"rendered":"https:\/\/spontanement.org\/fuzyon\/?page_id=24"},"modified":"2026-03-13T13:21:05","modified_gmt":"2026-03-13T13:21:05","slug":"inclusion-et-respect","status":"publish","type":"page","link":"https:\/\/spontanement.org\/fuzyon\/inclusion-et-respect\/","title":{"rendered":"Inclusion et respect"},"content":{"rendered":"\n<p>Pas besoin de savoir danser, pas besoin de venir avec un\u00b7e partenaire. Une tenue confortable qui permet de bouger, et c&#8217;est parti!<\/p>\n\n\n\n<p>En Fusion, pas de r\u00f4les de genre. On apprend \u00e0 guider et \u00e0 suivre, et on danse avec toustes, peu importe leur pr\u00e9sentation de genre. En fusion, on respecte l&#8217;identit\u00e9 de genre de toustes. En Fusion, on pratique la culture du consentement.<\/p>\n\n\n\n<p>Si tu es gay, lesbienne, bi, pan, ace, aro, queer &#8230; c&#8217;est fait pour toi.<br>Si tu es trans, non-binaire, agenre, fluide, drag, queer &#8230; c&#8217;est fait pour toi.<br>Si tu te poses des questions, et que tu veux essayer diff\u00e9rentes pr\u00e9sentations &#8230; c&#8217;est fait pour toi.<br>Cis\/H\u00e9t\u00e9ros bienvenus mais pas le sexisme, l&#8217;homophobie, la transphobie, ni le racisme.<\/p>\n\n\n\n<p>La fusion est une danse qui peut \u00eatre dans\u00e9e si tu es non voyant\u00b7e, malentendant\u00b7e, ou que tu te d\u00e9places dans un fauteuil roulant. La salle de danse est en rez-de-chauss\u00e9e.<\/p>\n\n\n\n<h1 class=\"wp-block-heading\">Code de conduite<\/h1>\n\n\n\n<p>En participant aux \u00e9v\u00e8nements de Fuzyon, vous acceptez de respecter le code de conduite suivant.<\/p>\n\n\n\n<h2 class=\"wp-block-heading\">Consentement<\/h2>\n\n\n\n<p>Vous avez le droit \u00e0 ce que votre consentement soit respect\u00e9. Votre autonomie corporelle et vos limites doivent \u00eatre respect\u00e9es, et les participant\u00b7e\u00b7s doivent vous demander la permission de fa\u00e7on verbale ou non-verbale avant de commencer une activit\u00e9 avec vous. Vous avez le droit de dire non ou de soustraire votre consentement \u00e0 n&#8217;importe quel moment, et vous pouvez attendre des participant\u00b7e\u00b7s qu&#8217;iels le prennent avec gr\u00e2ce. Cel\u00e0 signifie que vous avez le droit de d\u00e9cliner une danse sans vous justifier ou mettre fin \u00e0 une danse n&#8217;importe quand pour n&#8217;importe quelle raison. Vous pouvez attendre des participant\u00b7e\u00b7s qu&#8217;iels respectent votre d\u00e9cision.<\/p>\n\n\n\n<p>Danser en connexion poitrine, danse \u00e9nergique, tomb\u00e9s, et figures ne sont pas accessibles \u00e0 tous tout le temps, donc nous ferons particuli\u00e8rement attention \u00e0 obtenir le consentement de nos partenair\u00b7e\u00b7s sur ces points.<\/p>\n\n\n\n<h2 class=\"wp-block-heading\">Cultiver des identit\u00e9s diverses<\/h2>\n\n\n\n<p>Nous souhaitons que la Fusion cultive des identit\u00e9s diverses en terme de classe sociale, de couleur de peau, d&#8217;identit\u00e9 de genre, d&#8217;orientation sexuelle, de religion, d&#8217;age, et de corps.<\/p>\n\n\n\n<p>Vous avez le droit de ne pas \u00eatre discrimin\u00e9\u00b7e\u00b7s ou harcel\u00e9\u00b7e\u00b7s \u00e0 cause de votre identit\u00e9. Vous avez le droit \u00e0 ce que votre identit\u00e9 de genre et vos pronoms soient respect\u00e9s.<\/p>\n\n\n\n<p>Ca demande parfois du courage d&#8217;\u00eatre minoritaire \u00e0 un \u00e9v\u00e8nement, nous ferons donc attention \u00e0 accueillir chaleureusement chacun\u00b7e en les invitant \u00e0 danser o\u00f9 en discutant.<\/p>\n\n\n\n<h2 class=\"wp-block-heading\">La s\u00e9curit\u00e9 de toustes est importante<\/h2>\n\n\n\n<p>Vous avez le droit d&#8217;\u00eatre et de vous sentir en s\u00e9curit\u00e9. Les organisateurices feront de leur mieux pour s&#8217;adapter \u00e0 vos requ\u00eates pour rendre les \u00e9v\u00e8nements de FuZyon plus confortables pour vous. Vous \u00eates encourag\u00e9\u00b7e\u00b7s \u00e0 communiquer avec les organisateurices et les participant\u00b7e\u00b7s les points importants \u00e0 prendre en compte. Si une quelconque exp\u00e9rience vous mets mal \u00e0 l&#8217;aise, merci de contacter un\u00b7e organisateurice ou de remplir le <a href=\"https:\/\/forms.gle\/rfX6t9heCUWcroW89\" data-type=\"URL\" data-id=\"https:\/\/forms.gle\/rfX6t9heCUWcroW89\">formulaire ici<\/a>.<\/p>\n\n\n\n<p>Nous ferons tous attention \u00e0 nos d\u00e9placements et notre danse pour \u00e9viter les collisions.<\/p>\n","protected":false},"excerpt":{"rendered":"<p>Pas besoin de savoir danser, pas besoin de venir avec un\u00b7e partenaire. Une tenue confortable qui permet de bouger, et c&#8217;est parti! En Fusion, pas de r\u00f4les de genre. On apprend \u00e0 guider et \u00e0 suivre, et on danse avec toustes, peu importe leur pr\u00e9sentation de genre. En fusion, on respecte l&#8217;identit\u00e9 de genre de &hellip; <\/p>\n<p class=\"link-more\"><a href=\"https:\/\/spontanement.org\/fuzyon\/inclusion-et-respect\/\" class=\"more-link\">Continue reading<span class=\"screen-reader-text\"> &#8220;Inclusion et respect&#8221;<\/span><\/a><\/p>\n","protected":false},"author":1,"featured_media":0,"parent":0,"menu_order":0,"comment_status":"closed","ping_status":"closed","template":"","meta":{"footnotes":""},"class_list":["post-24","page","type-page","status-publish","hentry"],"_links":{"self":[{"href":"https:\/\/spontanement.org\/fuzyon\/wp-json\/wp\/v2\/pages\/24","targetHints":{"allow":["GET"]}}],"collection":[{"href":"https:\/\/spontanement.org\/fuzyon\/wp-json\/wp\/v2\/pages"}],"about":[{"href":"https:\/\/spontanement.org\/fuzyon\/wp-json\/wp\/v2\/types\/page"}],"author":[{"embeddable":true,"href":"https:\/\/spontanement.org\/fuzyon\/wp-json\/wp\/v2\/users\/1"}],"replies":[{"embeddable":true,"href":"https:\/\/spontanement.org\/fuzyon\/wp-json\/wp\/v2\/comments?post=24"}],"version-history":[{"count":3,"href":"https:\/\/spontanement.org\/fuzyon\/wp-json\/wp\/v2\/pages\/24\/revisions"}],"predecessor-version":[{"id":103,"href":"https:\/\/spontanement.org\/fuzyon\/wp-json\/wp\/v2\/pages\/24\/revisions\/103"}],"wp:attachment":[{"href":"https:\/\/spontanement.org\/fuzyon\/wp-json\/wp\/v2\/media?parent=24"}],"curies":[{"name":"wp","href":"https:\/\/api.w.org\/{rel}","templated":true}]}}